6*k - r*k + 60. Let w = 40 + k. What are the prime factors of w?
2, 5
Suppose 5*n = n - 4. Let a be ((-5)/10)/(n/6). Suppose a*x - 15 = 6. List the prime factors of x.
7
Suppose -4*x = -2*x - 96. Suppose -p + x = 3*y, 5*y - 6 = 19. List the prime factors of p.
3, 11
Let m be (-14)/(-3) + 10/(-15). Suppose 0 = m*i - 6 - 2. Suppose -i*c + 13 = -11. List the prime factors of c.
2, 3
Let y(z) = -6*z**2 + 5*z + 3. Let b be ((-1)/(-2))/(1/(-10)). Let n(d) = d**2 - d - 1. Let x(h) = b*n(h) - y(h). What are the prime factors of x(-3)?
11
Let j(l) = -77*l + 33. What are the prime factors of j(-5)?
2, 11, 19
Suppose 5*p - 235 = -20. List the prime factors of p.
43
Let s(x) be the first derivative of x**4/4 - 10*x**3/3 - 5*x**2 - 11*x + 3. Let d be s(11). Suppose d = -3*w + w + 26. What are the prime factors of w?
13
List the prime factors of (-1 - (-16)/4) + 12.
3, 5
Let r(u) = -10*u + 1. Let x be 3/(-6) - 2/4. List the prime factors of r(x).
11
Let n be 3/(-2)*(-112)/12. Let h = -6 + n. List the prime factors of h.
2
Let m = -5 + 7. Suppose -p = -3 - m. List the prime factors of p.
5
Suppose -4*c = g - 76, -5*c - 119 = -2*g - 2*c. What are the prime factors of g?
2
Let y(d) = 2*d + 6. Let o be y(-3). Suppose -3*f + 7*f - 96 = o. List the prime factors of f.
2, 3
Let a = 3 - -38. List the prime factors of a.
41
Suppose -3*s - 2*s - 130 = 0. Let i = s + 37. List the prime factors of i.
11
Suppose 0 = -2*y - 14 + 140. What are the prime factors of y?
3, 7
Suppose -4*h - p = 3*p - 12, -2*h - 5*p - 3 = 0. Let j(y) = y**2 - 5*y + 2. Let z be j(h). Let n = z + 1. List the prime factors of n.
3
Let f(w) = -3 - 4*w - 16*w + 4. What are the prime factors of f(-1)?
3, 7
Let i = -10 - -24. List the prime factors of i.
2, 7
Let g(p) = p**3 + 19*p**2 + 16*p - 23. What are the prime factors of g(-18)?
13
Let g be 6/(-8) - 54/(-8). Suppose 5*j - g = 14. What are the prime factors of j?
2
Suppose 2*i + 6 = 0, -i - 49 = -4*t + 2*t. List the prime factors of t.
23
What are the prime factors of 736/6 - 2/(-6)?
3, 41
Let y be -3*(10/(-6) + 1). Suppose 4*b + 3*u - 31 = 0, -b + 2*u + 14 + y = 0. List the prime factors of b.
2, 5
Suppose -120 - 30 = -o - r, 2*r - 146 = -o. What are the prime factors of o?
2, 7, 11
Suppose 4*c + 3*n + 14 = -c, -5*c - 12 = 4*n. Let f(m) = m + 3. Let b be f(c). What are the prime factors of 9*(b - (-7)/3)?
2, 3
Let h(d) = d. Let z be h(7). Let y = 11 - z. List the prime factors of y.
2
Suppose 2*q + 3*q - 3*s = -46, q + 18 = 5*s. Let z = q + 10. Suppose z*m - 25 = -3*m. What are the prime factors of m?
5
Let h = 285 + -186. What are the prime factors of h?
3, 11
Let n(i) = 16*i - 18. What are the prime factors of n(14)?
2, 103
Let z(m) = m**3 - m**2 - m + 12. Let j be z(0). Let n = j - 10. What are the prime factors of n?
2
Let t(i) be the third derivative of -i**4/3 - 8*i**3/3 + 7*i**2. List the prime factors of t(-6).
2
Let t(f) = f**2 - 2*f. List the prime factors of t(-9).
3, 11
Suppose 0 = j + 2*j - 9. Suppose -7*d = -j*d - 28. What are the prime factors of d?
7
Let p be (42/(-12))/(1/(-2)). Let h(o) = -o + 8. Let x be h(p). Let i(l) = 16*l**2 + l - 1. What are the prime factors of i(x)?
2
Let w(y) = -y**3 - 4*y**2 - 19*y - 24. What are the prime factors of w(-6)?
2, 3
Let g be -1*1 - (-5 - 0). Let z be (-6)/g*(-4 - -2). Suppose 4*f + z - 67 = 0. What are the prime factors of f?
2
Let c be (17/2)/(1/(-2)). Suppose -29 = 2*p - 3*p. Let i = p + c. What are the prime factors of i?
2, 3
Suppose 5*g = -3*l - 0*g + 40, g = 2*l - 5. Let h be 1/2 + (-12)/(-8). Suppose h*p = 3 + l. What are the prime factors of p?
2
Let k(i) be the first derivative of -3*i**2/2 + 2*i + 2. Let n be k(5). List the prime factors of (-2 + 2 - n) + 0.
13
Let o(b) = -b**3 - 5*b**2 + b - 8. Let h = 4 + -10. List the prime factors of o(h).
2, 11
Suppose 5*h - 685 = -d, 4*d = 2*h - 0*d - 252. What are the prime factors of h?
2, 17
Let x = -7 - -12. Suppose -y - 20 = -x*y. Suppose -2*p = -3*l + 2*l + 9, 37 = l + y*p. What are the prime factors of l?
17
Let m be (-4)/(-10) - (-111)/(-15). Let q = -5 - m. List the prime factors of (3/q)/(9/24).
2
List the prime factors of 28 - -5*8/(-20).
2, 13
Let j = 2 - 2. Suppose 5*h - r - 44 = -j*r, 3*r = 3. What are the prime factors of h?
3
Let q = -4 + 12. Suppose 5*c - q - 12 = 0. Suppose -5*j - l + 92 = -2*l, -c*l = 8. List the prime factors of j.
2, 3
Let u be (-2 - -1)/(3/(-6)). Suppose -5*a - u*m = -6, 5*a - 5*m + 12 = -3. Suppose 2*j - 4*j + 12 = a. What are the prime factors of j?
2, 3
Let n = -8 - -5. What are the prime factors of (-3)/(-2)*(-86)/n?
43
Suppose 2*j + j + 60 = 0. Let z = 40 + j. List the prime factors of z.
2, 5
Let p(k) = k**2 - 2*k - 12. What are the prime factors of p(8)?
2, 3
Let k(s) = s**3 - 2*s**2 - 3*s + 4. Let b be k(4). Suppose -o - 45 = -t + o, -t - 5*o + b = 0. What are the prime factors of t?
3, 13
Let i(r) = 0*r**3 + 7*r**2 + 6*r + 5 - 3*r**3 + 4*r**3. List the prime factors of i(-5).
5
Let x(v) = v**2 - 6*v - 7. List the prime factors of x(-6).
5, 13
Suppose 0 = -4*z + 141 + 147. What are the prime factors of z?
2, 3
Let c(v) = -3*v + 6. List the prime factors of c(-6).
2, 3
List the prime factors of (-3 - (-16)/4)*131.
131
Let q(i) be the third derivative of i**4/24 - 2*i**2. What are the prime factors of q(4)?
2
Let x be (-32)/8 - 4/1. Let a = x + 11. List the prime factors of a.
3
Suppose 0 = 5*q - 161 + 21. List the prime factors of q.
2, 7
Suppose -3*y - 1 = -t, 6 = -t - 2*y + 22. Let i = t - 1. Let a = 11 - i. What are the prime factors of a?
2
What are the prime factors of 390/((-36)/(-6))*(-2)/(-2)?
5, 13
Let m = 71 - 49. List the prime factors of m.
2, 11
Suppose -3*k + 18 = 2*h - k, -3*h + 7 = -k. Let w be 1 + 12 - (h + -5). List the prime factors of 4/w + 54/7.
2
Let i(g) = -g + 3. Suppose 0 = -j - 3 - 4. Let d be i(j). What are the prime factors of d*2*(-1)/(-2)?
2, 5
Suppose a + 0*a - 4*z = 162, 561 = 3*a + 3*z. What are the prime factors of a?
2, 7, 13
Let v(f) = -f - 5. Let n be v(-9). Suppose 4*s = n*x + 220, 3*s + x = 135 + 22. List the prime factors of s.
53
Suppose 3*j + 10*j = 988. List the prime factors of j.
2, 19
Let q = -4 - -6. Suppose q*m = 4*m - 48. List the prime factors of m.
2, 3
List the prime factors of (((-664)/6)/2)/((-36)/108).
2, 83
Suppose -5*d + 57 = 3*q, 4*q = -2*d - 0*d + 90. What are the prime factors of q?
2, 3
Let h be 5 + (2/(-2))/1. Suppose -h*n + 2*w + 18 = w, 2*n = -w + 12. List the prime factors of n.
5
Let w(r) = -r**2 + 10*r + 13. List the prime factors of w(9).
2, 11
Let r(b) = 1. Let j(s) = -2*s - 15. Let n(d) = -j(d) - 4*r(d). List the prime factors of n(13).
37
Let k = 10 + -1. Suppose i = -5*x + x - 15, 2*x = -2*i - 12. Let g = i + k. What are the prime factors of g?
2, 3
Suppose 0 = -5*z - 5*f - 65, -2*z - 6 - 8 = -f. Let g = -1360 - -853. What are the prime factors of g/(-27) - 2/z?
19
Let n = -67 + 98. List the prime factors of n.
31
Let b(s) = -s**3 + 6*s**2 - s + 8. Let q be b(6). Suppose -2*z + u + 12 = -u, z + 5*u = 0. Let o = z - q. What are the prime factors of o?
3
Let q = -11 - -8. Let k = q + 9. List the prime factors of k.
2, 3
Suppose n + 0*n = 2. Suppose -32 = -6*w + n*w. What are the prime factors of w?
2
List the prime factors of (-64)/10*(-10)/4.
2
Let n(a) be the third derivative of -a**5/60 - a**4/24 + 2*a**3/3 + 5*a**2. What are the prime factors of n(0)?
2
Suppose -36 = -b - 3*b. What are the prime factors of b?
3
What are the prime factors of 2 + 758/8 + (-60)/80?
2, 3
List the prime factors of 34 + (4 - 1) + 0.
37
Let p(m) = m**3 - 13*m**2 - 11*m + 13. List the prime factors of p(14).
5, 11
Let i(n) = n**2 + 3*n - 5. List the prime factors of i(4).
23
Let n = 18 + -18. Let m be (-3)/2*(-8)/(-6). What are the prime factors of n/m + 9/1?
3
Let b(f) = -1. Let y(s) = -s + 8. Let v(g) = 3*b(g) + y(g). List the prime factors of v(-9).
2, 7
Suppose 3*q = 217 - 79. List the prime factors of q.
2, 23
Let u(i) = 97*i**3 + i**2 + 2*i - 2. What are the prime factors of u(1)?
2, 7
Let o be (-6)/(-4) + (-1)/(-2). What are the prime factors of o/(-8) - (-36)/16?
2
Let o(y) = -y**2 - 12*y - 2. Let m be o(-12). What are the prime factors of 52/m*(-2)/4?
13
List the prime factors of 0 - 20/(-1 + -3).
5
Let z(o) = 17*o + 4. What are th